nder when 521970 is divided by 1717?
2
Calculate the remainder when 60642 is divided by 4042.
12
What is the remainder when 33620 is divided by 570?
560
Calculate the remainder when 4700 is divided by 1385.
545
Calculate the remainder when 35955 is divided by 17974.
7
Calculate the remainder when 309 is divided by 163.
146
What is the remainder when 62510 is divided by 619?
610
Calculate the remainder when 727726 is divided by 51.
7
Calculate the remainder when 1732 is divided by 683.
366
Calculate the remainder when 12020 is divided by 38.
12
Calculate the remainder when 3615 is divided by 1202.
9
Calculate the remainder when 3341 is divided by 14.
9
What is the remainder when 33076 is divided by 18?
10
Calculate the remainder when 100689 is divided by 9.
6
What is the remainder when 1229 is divided by 109?
30
What is the remainder when 3571 is divided by 3536?
35
Calculate the remainder when 250 is divided by 140.
110
What is the remainder when 5099 is divided by 299?
16
Calculate the remainder when 1260 is divided by 255.
240
Calculate the remainder when 36748 is divided by 107.
47
What is the remainder when 746468 is divided by 2?
0
What is the remainder when 1264 is divided by 1?
0
Calculate the remainder when 227751 is divided by 730.
721
What is the remainder when 5167 is divided by 1715?
22
Calculate the remainder when 14986 is divided by 357.
349
What is the remainder when 15710 is divided by 194?
190
What is the remainder when 103747 is divided by 850?
47
What is the remainder when 14202 is divided by 1286?
56
What is the remainder when 242961 is divided by 121436?
89
What is the remainder when 4691 is divided by 65?
11
What is the remainder when 51718 is divided by 93?
10
What is the remainder when 129139 is divided by 9?
7
Calculate the remainder when 489853 is divided by 867.
865
What is the remainder when 1433 is divided by 115?
53
What is the remainder when 222943 is divided by 167?
165
Calculate the remainder when 4120 is divided by 587.
11
Calculate the remainder when 325738 is divided by 305.
303
Calculate the remainder when 58223 is divided by 4.
3
What is the remainder when 178177 is divided by 23?
19
What is the remainder when 36107 is divided by 384?
11
Calculate the remainder when 1650 is divided by 139.
121
What is the remainder when 214365 is divided by 272?
29
Calculate the remainder when 30736 is divided by 521.
518
Calculate the remainder when 75777 is divided by 6875.
152
Calculate the remainder when 4574 is divided by 886.
144
What is the remainder when 580 is divided by 104?
60
What is the remainder when 12481 is divided by 171?
169
Calculate the remainder when 890603 is divided by 11.
10
Calculate the remainder when 13477 is divided by 1742.
1283
What is the remainder when 6948 is divided by 30?
18
What is the remainder when 86307 is divided by 9?
6
Calculate the remainder when 304158 is divided by 80.
78
Calculate the remainder when 1548 is divided by 5.
3
What is the remainder when 7395 is divided by 49?
45
What is the remainder when 41829 is divided by 20?
9
What is the remainder when 10081 is divided by 4985?
111
What is the remainder when 3292 is divided by 633?
127
Calculate the remainder when 69905 is divided by 6.
5
Calculate the remainder when 1572 is divided by 1561.
11
What is the remainder when 11950 is divided by 356?
202
What is the remainder when 9307 is divided by 4649?
9
Calculate the remainder when 12007 is divided by 1088.
39
What is the remainder when 8374 is divided by 67?
66
Calculate the remainder when 173224 is divided by 34.
28
What is the remainder when 4337 is divided by 1130?
947
Calculate the remainder when 73882 is divided by 164.
82
What is the remainder when 76965 is divided by 3498?
9
What is the remainder when 26102 is divided by 113?
112
What is the remainder when 15669 is divided by 436?
409
Calculate the remainder when 7886 is divided by 2569.
179
What is the remainder when 4939 is divided by 381?
367
What is the remainder when 6933 is divided by 167?
86
Calculate the remainder when 369850 is divided by 98.
96
What is the remainder when 113272 is divided by 115?
112
What is the remainder when 239247 is divided by 86?
81
Calculate the remainder when 668562 is divided by 13.
11
What is the remainder when 3128993 is divided by 22?
21
Calculate the remainder when 153467 is divided by 36.
35
What is the remainder when 1630 is divided by 669?
292
Calculate the remainder when 401 is divided by 5.
1
Calculate the remainder when 1691 is divided by 594.
503
What is the remainder when 19460 is divided by 19336?
124
Calculate the remainder when 36 is divided by 28.
8
What is the remainder when 889 is divided by 524?
365
Calculate the remainder when 120959 is divided by 210.
209
What is the remainder when 23453 is divided by 247?
235
What is the remainder when 107032 is divided by 21?
16
Calculate the remainder when 181 is divided by 24.
13
What is the remainder when 13647 is divided by 177?
18
What is the remainder when 312 is divided by 33?
15
Calculate the remainder when 217297 is divided by 164.
161
Calculate the remainder when 521972 is divided by 972.
8
What is the remainder when 9323 is divided by 488?
51
Calculate the remainder when 17861 is divided by 418.
305
What is the remainder when 24883 is divided by 956?
27
What is the remainder when 1630 is divided by 78?
70
What is the remainder when 41560 is divided by 10381?
36
What is the remainder when 46734 is divided by 6?
0
What is the remainder when 6518 is divided by 114?
20
Calculate the remainder when 323066 is divided by 107676.
38
Calculate the remainder when 6803 is divided by 524.
515
Calculate the remainder when 130813 is divided by 128.
125
Calculate the remainder when 83398 is divided by 139.
137
Calculate the remainder when 453148 is divided by 13.
7
Calculate the remainder when 2364 is divided by 1568.
796
Calculate the remainder when 3267 is divided by 99.
0
Calculate the remainder when 29341 is divided by 9318.
1387
What is the remainder when 6290 is divided by 74?
0
What is the remainder when 39837 is divided by 6639?
3
What is the remainder when 5009228 is divided by 237?
233
Calculate the remainder when 4675 is divided by 576.
67
What is the remainder when 3887 is divided by 1857?
173
Calculate the remainder when 95350 is divided by 3405.
10
Calculate the remainder when 100770 is divided by 9.
6
Calculate the remainder when 9084 is divided by 247.
192
What is the remainder when 46172 is divided by 542?
102
What is the remainder when 42838 is divided by 16?
6
What is the remainder when 1075 is divided by 264?
19
Calculate the remainder when 367814 is divided by 25.
14
What is the remainder when 20589 is divided by 44?
41
Calculate the remainder when 761 is divided by 416.
345
What is the remainder when 537288 is divided by 2336?
8
Calculate the remainder when 80707 is divided by 1968.
19
What is the remainder when 719 is divided by 15?
14
What is the remainder when 5221 is divided by 870?
1
What is the remainder when 6632 is divided by 48?
8
What is the remainder when 917945 is divided by 9?
8
Calculate the remainder when 244661 is divided by 1011.
1010
What is the remainder when 81848 is divided by 1820?
1768
What is the remainder when 7141 is divided by 51?
1
What is the remainder when 78591 is divided by 150?
141
Calculate the remainder when 3368 is divided by 561.
2
What is the remainder when 19018 is divided by 58?
52
Calculate the remainder when 116270 is divided by 116244.
26
What is the remainder when 12584 is divided by 188?
176
Calculate the remainder when 470345 is divided by 308.
29
What is the remainder when 5962 is divided by 67?
66
What is the remainder when 35798 is divided by 5088?
182
Calculate the remainder when 163993 is divided by 13.
11
Calculate the remainder when 38834 is divided by 159.
38
Calculate the remainder when 23395 is divided by 23380.
15
Calculate the remainder when 1010 is divided by 273.
191
What is the remainder when 5576 is divided by 931?
921
What is the remainder when 26387 is divided by 2163?
431
What is the remainder when 2610 is divided by 72?
18
Calculate the remainder when 92866 is divided by 23216.
2
Calculate the remainder when 35077 is divided by 11682.
31
Calc